he remainder when 121 is divided by 10?
1
What is the remainder when 61 is divided by 2?
1
What is the remainder when 2543 is divided by 195?
8
Calculate the remainder when 312 is divided by 88.
48
What is the remainder when 188 is divided by 59?
11
What is the remainder when 502 is divided by 24?
22
Calculate the remainder when 2159 is divided by 90.
89
Calculate the remainder when 153 is divided by 92.
61
What is the remainder when 104 is divided by 28?
20
Calculate the remainder when 151 is divided by 145.
6
What is the remainder when 312 is divided by 63?
60
Calculate the remainder when 232 is divided by 120.
112
What is the remainder when 280 is divided by 47?
45
What is the remainder when 242 is divided by 4?
2
Calculate the remainder when 1835 is divided by 18.
17
What is the remainder when 1217 is divided by 185?
107
What is the remainder when 95 is divided by 14?
11
What is the remainder when 104 is divided by 9?
5
Calculate the remainder when 150 is divided by 51.
48
What is the remainder when 19400 is divided by 36?
32
What is the remainder when 2839 is divided by 18?
13
Calculate the remainder when 81 is divided by 55.
26
What is the remainder when 93 is divided by 21?
9
What is the remainder when 54 is divided by 9?
0
What is the remainder when 49 is divided by 26?
23
What is the remainder when 206 is divided by 13?
11
What is the remainder when 253 is divided by 15?
13
Calculate the remainder when 13263 is divided by 198.
195
What is the remainder when 883 is divided by 15?
13
What is the remainder when 2573 is divided by 78?
77
Calculate the remainder when 2434 is divided by 1210.
14
What is the remainder when 231 is divided by 48?
39
Calculate the remainder when 108 is divided by 16.
12
What is the remainder when 133 is divided by 17?
14
What is the remainder when 337 is divided by 31?
27
What is the remainder when 2397 is divided by 75?
72
What is the remainder when 91 is divided by 34?
23
Calculate the remainder when 147 is divided by 33.
15
Calculate the remainder when 244 is divided by 208.
36
Calculate the remainder when 37 is divided by 5.
2
What is the remainder when 84 is divided by 35?
14
Calculate the remainder when 192 is divided by 39.
36
What is the remainder when 243 is divided by 13?
9
What is the remainder when 707 is divided by 142?
139
What is the remainder when 15959 is divided by 120?
119
Calculate the remainder when 489 is divided by 13.
8
Calculate the remainder when 293 is divided by 5.
3
What is the remainder when 4407 is divided by 24?
15
Calculate the remainder when 675 is divided by 6.
3
What is the remainder when 986 is divided by 47?
46
What is the remainder when 4623 is divided by 4610?
13
Calculate the remainder when 457 is divided by 14.
9
Calculate the remainder when 602 is divided by 67.
66
Calculate the remainder when 1433 is divided by 6.
5
What is the remainder when 43 is divided by 31?
12
Calculate the remainder when 345 is divided by 32.
25
Calculate the remainder when 505 is divided by 25.
5
Calculate the remainder when 2745 is divided by 57.
9
What is the remainder when 437 is divided by 10?
7
What is the remainder when 178 is divided by 14?
10
Calculate the remainder when 2547 is divided by 102.
99
Calculate the remainder when 151 is divided by 134.
17
Calculate the remainder when 98 is divided by 52.
46
What is the remainder when 134 is divided by 38?
20
Calculate the remainder when 2667 is divided by 888.
3
Calculate the remainder when 253 is divided by 20.
13
Calculate the remainder when 27 is divided by 22.
5
Calculate the remainder when 264 is divided by 69.
57
Calculate the remainder when 851 is divided by 38.
15
Calculate the remainder when 92 is divided by 24.
20
What is the remainder when 38 is divided by 20?
18
Calculate the remainder when 392 is divided by 19.
12
Calculate the remainder when 138 is divided by 72.
66
Calculate the remainder when 140 is divided by 48.
44
What is the remainder when 76 is divided by 19?
0
Calculate the remainder when 263 is divided by 10.
3
Calculate the remainder when 138 is divided by 116.
22
What is the remainder when 2050 is divided by 295?
280
Calculate the remainder when 101 is divided by 62.
39
What is the remainder when 300 is divided by 135?
30
Calculate the remainder when 767 is divided by 80.
47
Calculate the remainder when 324 is divided by 180.
144
Calculate the remainder when 196 is divided by 1.
0
What is the remainder when 11556 is divided by 40?
36
What is the remainder when 1826 is divided by 453?
14
Calculate the remainder when 496 is divided by 140.
76
What is the remainder when 5238 is divided by 109?
6
What is the remainder when 2099 is divided by 10?
9
Calculate the remainder when 1413 is divided by 118.
115
Calculate the remainder when 545 is divided by 131.
21
Calculate the remainder when 193 is divided by 65.
63
What is the remainder when 57 is divided by 13?
5
What is the remainder when 235 is divided by 33?
4
Calculate the remainder when 1084 is divided by 542.
0
Calculate the remainder when 1671 is divided by 113.
89
Calculate the remainder when 1597 is divided by 25.
22
Calculate the remainder when 307 is divided by 170.
137
What is the remainder when 463 is divided by 61?
36
What is the remainder when 7208 is divided by 12?
8
What is the remainder when 1504 is divided by 35?
34
Calculate the remainder when 892 is divided by 41.
31
What is the remainder when 321 is divided by 19?
17
What is the remainder when 359 is divided by 230?
129
What is the remainder when 3335 is divided by 1665?
5
What is the remainder when 221 is divided by 60?
41
What is the remainder when 2070 is divided by 37?
35
What is the remainder when 767 is divided by 247?
26
Calculate the remainder when 690 is divided by 28.
18
What is the remainder when 206 is divided by 72?
62
Calculate the remainder when 45 is divided by 27.
18
Calculate the remainder when 507 is divided by 16.
11
Calculate the remainder when 67 is divided by 14.
11
Calculate the remainder when 534 is divided by 74.
16
What is the remainder when 616 is divided by 26?
18
What is the remainder when 1221 is divided by 17?
14
Calculate the remainder when 404 is divided by 23.
13
Calculate the remainder when 305 is divided by 54.
35
Calculate the remainder when 434 is divided by 29.
28
What is the remainder when 53 is divided by 33?
20
Calculate the remainder when 149 is divided by 22.
17
What is the remainder when 809 is divided by 259?
32
Calculate the remainder when 87 is divided by 22.
21
What is the remainder when 3048 is divided by 113?
110
Calculate the remainder when 305 is divided by 29.
15
Calculate the remainder when 1933 is divided by 88.
85
Calculate the remainder when 39147 is divided by 90.
87
Calculate the remainder when 139 is divided by 6.
1
Calculate the remainder when 867 is divided by 142.
15
What is the remainder when 59 is divided by 9?
5
Calculate the remainder when 89 is divided by 46.
43
Calculate the remainder when 206 is divided by 55.
41
Calculate the remainder when 1612 is divided by 60.
52
What is the remainder when 7071 is divided by 27?
24
Calculate the remainder when 479 is divided by 60.
59
What is the remainder when 1645 is divided by 9?
7
Calculate the remainder when 424 is divided by 33.
28
What is the remainder when 13044 is divided by 4345?
9
What is the remainder when 391 is divided by 56?
55
What is the remainder when 1019 is divided by 14?
11
What is the remainder when 239 is divided by 48?
47
Calculate the remainder when 151 is divided by 145.
6
Calculate the remainder when 10367 is divided by 192.
191
What is the remainder when 202 is divided by 13?
7
What is the remainder when 5760 is divided by 79?
72
What is the remainder when 354 is divided by 6?
0
Calculate the remainder when 97 is divided by 25.
22
Calculate the remainder when 1117 is divided by 160.
157
Calculate the remainder when 149 is divided by 30.
29
Calculate the remainder when 635 is divided by 130.
115
Calculate the remainder when 113 is divided by 46.
21
What is the remainder when 124 is divided by 8?
4
What is the remainder when 204 is divided by 13?
9
What is the remainder when 1070 is divided by 43?
38
What is the remainder when 2216 is divided by 5?
1
Calculate th